 the remainder when t is divided by 7?
6
Let y(o) = o - 11. What is the remainder when 10 is divided by y(15)?
2
Suppose 0 = -2*z - p + 98, 2*z - 104 = -0*z + 2*p. Calculate the remainder when z is divided by 26.
24
Suppose s + 4*t - 7 = 2, -10 = -5*t. Let q = s - -4. What is the remainder when q is divided by (-6)/(-2) - (1 + 0)?
1
Let b = 50 + -24. What is the remainder when b is divided by 108/16 + (-1)/(-4)?
5
Let z(s) = -s**3 - 9*s**2 - 3*s - 2. Let t(u) = 2*u**3 + 19*u**2 + 6*u + 5. Let g(h) = -3*t(h) - 7*z(h). What is the remainder when g(-4) is divided by 7?
5
Let h(j) = j**2 + 2*j - 4. Let w = 7 + -1. What is the remainder when h(-5) is divided by w?
5
Let m be (-5)/((15/(-24))/5). Suppose d = -d + m. What is the remainder when d is divided by 7?
6
Let f(x) = x**2 + 10*x + 22. What is the remainder when 85 is divided by f(-10)?
19
Suppose -4*y = y - 15, 4*y - 5 = r. Calculate the remainder when (-12)/(-4)*4 - 0 is divided by r.
5
Calculate the remainder when 39 is divided by (4 - 3 - -12) + 1.
11
Suppose -5*c + 3*c + 31 = -x, -4*c = -3*x - 59. What is the remainder when c is divided by 10?
7
What is the remainder when 180 is divided by ((-138)/8)/((-6)/16)?
42
What is the remainder when 33 is divided by 25/(-10)*48/(-10)?
9
Let a(y) = -2*y**2 + 4*y + 3*y**2 + 2 - 5*y. What is the remainder when (-1)/3 + 26/6 is divided by a(0)?
0
Let l = -54 + 103. What is the remainder when l is divided by 10?
9
Let d = -5 + 12. What is the remainder when -2 - -12 - (-3 - 0) is divided by d?
6
Let t(f) = -f - f - 6 + 4 + 3*f. Calculate the remainder when (-2 - -6)/((-2)/(-8)) is divided by t(8).
4
Suppose 2*w + 9 + 11 = 0. Calculate the remainder when (-84)/w - (-3)/5 is divided by 4.
1
Let x(u) = u**2 + 3. Suppose -4*m = -2*m. Let s be x(m). Suppose -v + 3*i + 6 + 1 = 0, -s*v + 4*i + 16 = 0. Calculate the remainder when v is divided by 3.
1
Let q(g) = 18*g**2 + 1. What is the remainder when 35 is divided by q(1)?
16
Let h(q) = -q. Let x be h(-2). Suppose -5*d + 4*y + 40 = -0*d, 0 = -x*y + 10. Calculate the remainder when 35 is divided by d.
11
Suppose 0 = -3*n + 138 - 27. Calculate the remainder when n is divided by 3 + 4 - (0 - 3).
7
Let j(d) = d**2 + 30. Let n be j(0). Suppose 5*b = 3*r - 8*r + 60, -3*r + n = b. Suppose -34 = -2*y - 0*y. Calculate the remainder when y is divided by r.
8
What is the remainder when 61 is divided by ((-33)/(-55))/((1/(-35))/(-1))?
19
Suppose -u + 26 - 22 = 0. Calculate the remainder when 31 is divided by u.
3
Suppose -g = 3*g. Suppose -2*s + 8 = -g*s. Let t(p) = 2*p**2 - 5*p - 2. What is the remainder when 19 is divided by t(s)?
9
Let d(x) = x**2 + 2*x + 3. Let v(l) = -l - 1. Let t(y) = d(y) - 3*v(y). Calculate the remainder when t(-6) is divided by 7.
5
Suppose 0 = -0*f + 5*f - 145. Suppose 50 = 4*k + k. Calculate the remainder when f is divided by k.
9
Suppose 0*t = 3*t - 45. Let w = 1 - -7. Calculate the remainder when t is divided by w.
7
Suppose -3*d = -0*d - 111. Suppose -42 = -3*b + 4*r, 2*b = 2*r + 4 + 22. What is the remainder when d is divided by -4*(-12)/16 + b?
11
Suppose 2*p + 203 = 4*i + i, -5*i + p = -204. Let c = -27 + i. Calculate the remainder when c is divided by 5.
4
Suppose -6*b = -11*b + 145. Calculate the remainder when b is divided by 5.
4
Suppose 9*u + 24 = 21*u. Suppose -3*k = 2*k + 5. What is the remainder when u is divided by 1 + k - (-1 - 1)?
0
Let r = 177 + -159. What is the remainder when 70 is divided by r?
16
Let l(u) = -u**2 - u - 10*u - 11 + 0*u. Suppose 2*f - 28 = 4*t + 4*f, -3*t = -4*f + 32. What is the remainder when 23 is divided by l(t)?
10
Suppose 3*p + 1 = 19. Let l = 12 - p. Calculate the remainder when l is divided by 4.
2
Suppose -3*j - 384 = -2*c, -c = -6*c. Let x = -67 - j. What is the remainder when x is divided by 16?
13
Let c be (-21)/(-14)*16/6. Suppose -3*m + 20 - 5 = 3*h, -3*h + 17 = c*m. Calculate the remainder when (123/9)/(m/6) is divided by 14.
13
Suppose -2*z + 16 = 6. Calculate the remainder when 18 is divided by z.
3
Let t(v) = -v**3 - 5*v**2 + v + 5. Let d be t(-5). What is the remainder when d + -3 - -32*1 is divided by 15?
14
Let w be -12*(100/(-3))/5. Let m = w + -50. What is the remainder when m is divided by 16?
14
Suppose -4*z + 74 + 14 = 0. Calculate the remainder when 195 is divided by z.
19
Let d(l) = l**2 + 26*l - 21. What is the remainder when d(-28) is divided by 0 - 18/(-1)*1?
17
Let q = 72 + -37. Calculate the remainder when q is divided by (-2 - (-1)/1) + 19.
17
Let g = -41 + 49. Suppose 5*j - 14 = -y, -3 = -5*j - 5*y + 7. What is the remainder when g is divided by j?
2
Suppose -2*k + 2 = -10. Suppose 0 = -k*r + r - 65. Let y = 25 + r. Calculate the remainder when 22 is divided by y.
10
Let l be 2 - (-30)/5 - 2. Let y be (-2)/4*(-84 - -2). Suppose q - y = l. What is the remainder when q is divided by 24?
23
Let k(o) = 4*o + 45. What is the remainder when k(0) is divided by 6?
3
Calculate the remainder when (-1)/(5/3)*-15 is divided by 3.
0
Let o(h) = 1 - h + h**3 - 3 - 4*h**2 + 5*h. Let w = 20 + -5. Calculate the remainder when o(5) is divided by w.
13
Let r be 23/(-5) + 10/(-25). Let h = r - -8. Calculate the remainder when h is divided by 2.
1
Let y(k) = 11*k**2 + 9*k + 7. Calculate the remainder when y(-4) is divided by 15.
12
Suppose -20 - 94 = -3*w. Calculate the remainder when 187 is divided by w.
35
Let u = 112 + -93. What is the remainder when 24 is divided by u?
5
Let t = -3 + 22. Let z = -1 + 36. What is the remainder when z is divided by t?
16
Calculate the remainder when 3 is divided by (-1)/(-2 - 10/(-6)).
0
Let u = 95 - 56. What is the remainder when u is divided by (140/(-15))/((-2)/3)?
11
Suppose -z + 6 = -9. What is the remainder when z is divided by 5/(-15) - (-25)/3?
7
Suppose 2*k = -3*h - 2, -4*h = -0*h + 16. Suppose k*q - 3*g - 35 - 150 = 0, -78 = -2*q + 2*g. What is the remainder when q is divided by 18?
16
Let z(m) = -m**3 + 6*m**2 + 2*m + 5. Let b be 10/(-4)*2/(-1). Suppose 3*k = 55 - 13. What is the remainder when z(b) is divided by k?
12
Suppose 3*m - 4*i - 31 = 0, 57 = 5*m - 4*i - 0*i. What is the remainder when 218 is divided by m?
10
Suppose 45 = -6*o + 9*o. What is the remainder when 27 is divided by o?
12
Let h = 2 - -5. Suppose h*b - 3*b = -u + 97, b + 464 = 5*u. What is the remainder when u is divided by 24?
21
Let v = -10 + 18. What is the remainder when 19 is divided by v?
3
Let p(g) = -g**3 + 7*g**2 - 7. Calculate the remainder when p(5) is divided by 11.
10
Let j(m) = m**2 + 2*m + 4. Let o be j(-3). Let l = -6 + o. Let p = 1 + l. Calculate the remainder when 3 is divided by p.
1
Let v = 26 + 0. Let p = 2 - -2. Suppose 3*g + g - 4*d = 52, 32 = 2*g + p*d. What is the remainder when v is divided by g?
12
Let s = 209 - 293. Let l = s + 48. Let n = l - -68. Calculate the remainder when n is divided by 11.
10
Suppose -j = -3*j + 14. Let b be 15/25*35*1. Suppose -2*f + b = t, -4*f = -3*f - 5*t - 16. Calculate the remainder when f is divided by j.
4
Suppose 11*y = 9*y + 56. What is the remainder when y is divided by 2/5 + (-73)/(-5)?
13
Let j = -5 - -9. Suppose 14 = r + 3*c, 4*r - 31 + 7 = -j*c. Calculate the remainder when 2 is divided by r.
0
Let r be (-2)/(-13) + (-1788)/(-39). Let g = r - 13. Calculate the remainder when g is divided by 12.
9
Calculate the remainder when (-7)/((-735)/(-14)) - (-392)/15 is divided by 9.
8
Let h(s) = -2*s**2 + 1 + 0*s**2 + 5*s**2 + 3*s + 6*s**2. What is the remainder when h(-2) is divided by 17?
14
Let i(d) = d**2 + 4*d - 8. Suppose 20 = -5*o - 10. Let u be i(o). What is the remainder when 2/u - 98/(-4) is divided by 9?
7
Suppose 0 = -w - w + 52. Let g be (-210)/(-18) + 4/3. Suppose -u + 1 = -g. What is the remainder when w is divided by u?
12
Let y = 9 + -7. What is the remainder when 4 is divided by y?
0
Calculate the remainder when 25 is divided by (-867)/(-119) + (-1)/7*2.
4
Let z(j) = j**2 + 9*j - 5. Calculate the remainder when 14 is divided by z(-10).
4
Let l(h) = h**3 + 4*h**2 - 5*h + 2. What is the remainder when 4 is divided by l(-5)?
0
Suppose -3*m + 27 = 3*y, -2*m - 3*m + 10 = 0. Suppose -5*x - 65 = -5*n, n - 3 = 8*x - 12*x. Calculate the remainder when n is divided by y.
4
Let m(n) = n**3 - n**2 - n + 11. Let w = 3 - 3. What is the remainder when 20 is divided 